{"id":309,"date":"2025-11-07T09:02:25","date_gmt":"2025-11-07T09:02:25","guid":{"rendered":"https:\/\/vedrennealyson.alwaysdata.net\/?page_id=309"},"modified":"2025-11-28T13:39:06","modified_gmt":"2025-11-28T13:39:06","slug":"mentions-legales","status":"publish","type":"page","link":"https:\/\/leglisesmaconnerie.fr\/index.php\/mentions-legales\/","title":{"rendered":"Mentions l\u00e9gales"},"content":{"rendered":"\t\t<div data-elementor-type=\"wp-page\" data-elementor-id=\"309\" class=\"elementor elementor-309\">\n\t\t\t\t<div class=\"elementor-element elementor-element-dbd2cfe e-flex e-con-boxed e-con e-parent\" data-id=\"dbd2cfe\" data-element_type=\"container\">\n\t\t\t\t\t<div class=\"e-con-inner\">\n\t\t\t\t<div class=\"elementor-element elementor-element-3e0e5bb elementor-widget elementor-widget-heading\" data-id=\"3e0e5bb\" data-element_type=\"widget\" data-widget_type=\"heading.default\">\n\t\t\t\t\t<h2 class=\"elementor-heading-title elementor-size-default\">Mentions l\u00e9gales<\/h2>\t\t\t\t<\/div>\n\t\t\t\t<div class=\"elementor-element elementor-element-e619418 elementor-widget elementor-widget-heading\" data-id=\"e619418\" data-element_type=\"widget\" data-widget_type=\"heading.default\">\n\t\t\t\t\t<h4 class=\"elementor-heading-title elementor-size-default\">1. Informations g\u00e9n\u00e9rales<\/h4>\t\t\t\t<\/div>\n\t\t\t\t<div class=\"elementor-element elementor-element-3271ed0 elementor-widget elementor-widget-text-editor\" data-id=\"3271ed0\" data-element_type=\"widget\" data-widget_type=\"text-editor.default\">\n\t\t\t\t\t\t\t\t\t<p><strong data-start=\"199\" data-end=\"224\">Nom de l\u2019entreprise :<\/strong> L\u00e9glises Ma\u00e7onnerie<br data-start=\"244\" data-end=\"247\" \/><strong data-start=\"247\" data-end=\"268\">Forme juridique :<\/strong> SARL (Soci\u00e9t\u00e9 \u00e0 Responsabilit\u00e9 Limit\u00e9e)<br data-start=\"340\" data-end=\"343\" \/><strong data-start=\"343\" data-end=\"372\">Adresse du si\u00e8ge social :<\/strong> 502 Route de la Fortune, 33190 Hure, France<br data-start=\"416\" data-end=\"419\" \/><strong data-start=\"419\" data-end=\"434\">T\u00e9l\u00e9phone :<\/strong> 06 80 04 14 28<br data-start=\"449\" data-end=\"452\" \/><strong data-start=\"452\" data-end=\"472\">Adresse e-mail :<\/strong> <a class=\"decorated-link cursor-pointer\" rel=\"noopener\" data-start=\"473\" data-end=\"502\">leglises.maconnerie@gmail.com<\/a><br data-start=\"502\" data-end=\"505\" \/><strong data-start=\"505\" data-end=\"539\">Directeurs de la publication :<\/strong> Jean-Luc L\u00e9glise et Pierre L\u00e9glise<br data-start=\"574\" data-end=\"577\" \/><strong data-start=\"577\" data-end=\"595\">Num\u00e9ro SIRET :<\/strong> 492 669 171 00018<br data-start=\"613\" data-end=\"616\" \/><strong data-start=\"616\" data-end=\"654\">Num\u00e9ro de TVA intracommunautaire :<\/strong> FR95 492 669 171<br data-start=\"671\" data-end=\"674\" \/><strong data-start=\"674\" data-end=\"694\">Code APE \/ NAF :<\/strong> 4399C \u2013 Travaux de ma\u00e7onnerie g\u00e9n\u00e9rale et gros \u0153uvre de b\u00e2timent<\/p>\t\t\t\t\t\t\t\t<\/div>\n\t\t\t\t<div class=\"elementor-element elementor-element-9360313 elementor-widget elementor-widget-heading\" data-id=\"9360313\" data-element_type=\"widget\" data-widget_type=\"heading.default\">\n\t\t\t\t\t<h4 class=\"elementor-heading-title elementor-size-default\">2. H\u00e9bergement du site<\/h4>\t\t\t\t<\/div>\n\t\t\t\t<div class=\"elementor-element elementor-element-22abff0 elementor-widget elementor-widget-text-editor\" data-id=\"22abff0\" data-element_type=\"widget\" data-widget_type=\"text-editor.default\">\n\t\t\t\t\t\t\t\t\t<p><strong data-start=\"800\" data-end=\"815\">H\u00e9bergeur :<\/strong> AlwaysData<br data-start=\"826\" data-end=\"829\" \/><strong data-start=\"829\" data-end=\"842\">Adresse :<\/strong> 91 rue du Faubourg Saint-Honor\u00e9, 75008 Paris, France<br data-start=\"895\" data-end=\"898\" \/><strong data-start=\"898\" data-end=\"912\">Site web :<\/strong> <a class=\"decorated-link\" href=\"https:\/\/www.alwaysdata.com\" target=\"_new\" rel=\"noopener\" data-start=\"913\" data-end=\"969\">https:\/\/www.alwaysdata.com<\/a><br data-start=\"969\" data-end=\"972\" \/><strong data-start=\"972\" data-end=\"987\">T\u00e9l\u00e9phone :<\/strong> +33 (0)1 84 16 23 40<\/p>\t\t\t\t\t\t\t\t<\/div>\n\t\t\t\t<div class=\"elementor-element elementor-element-ff501bb elementor-widget elementor-widget-heading\" data-id=\"ff501bb\" data-element_type=\"widget\" data-widget_type=\"heading.default\">\n\t\t\t\t\t<h4 class=\"elementor-heading-title elementor-size-default\">3. Propri\u00e9t\u00e9 intellectuelle<\/h4>\t\t\t\t<\/div>\n\t\t\t\t<div class=\"elementor-element elementor-element-e200ad2 elementor-widget elementor-widget-text-editor\" data-id=\"e200ad2\" data-element_type=\"widget\" data-widget_type=\"text-editor.default\">\n\t\t\t\t\t\t\t\t\t<p>Le site <strong data-start=\"1062\" data-end=\"1087\">leglisesmaconnerie.fr<\/strong> et l\u2019ensemble de son contenu (textes, images, graphismes, logo, ic\u00f4nes, vid\u00e9os, etc.) sont la propri\u00e9t\u00e9 exclusive de <strong data-start=\"1205\" data-end=\"1228\">L\u00e9glises Ma\u00e7onnerie<\/strong>, sauf mention contraire.<br data-start=\"1253\" data-end=\"1256\" \/>Toute reproduction, distribution, modification, adaptation ou publication, m\u00eame partielle, de ces \u00e9l\u00e9ments est strictement interdite sans l\u2019accord \u00e9crit pr\u00e9alable de <strong data-start=\"1422\" data-end=\"1445\">L\u00e9glises Ma\u00e7onnerie<\/strong>.<\/p>\t\t\t\t\t\t\t\t<\/div>\n\t\t\t\t<div class=\"elementor-element elementor-element-606b93f elementor-widget elementor-widget-heading\" data-id=\"606b93f\" data-element_type=\"widget\" data-widget_type=\"heading.default\">\n\t\t\t\t\t<h4 class=\"elementor-heading-title elementor-size-default\">4. Donn\u00e9es personnelles<\/h4>\t\t\t\t<\/div>\n\t\t\t\t<div class=\"elementor-element elementor-element-608c4ac elementor-widget elementor-widget-text-editor\" data-id=\"608c4ac\" data-element_type=\"widget\" data-widget_type=\"text-editor.default\">\n\t\t\t\t\t\t\t\t\t<p data-start=\"1486\" data-end=\"1880\">Les informations collect\u00e9es via le site (formulaire de contact, demande de devis, etc.) sont uniquement destin\u00e9es \u00e0 <strong data-start=\"1602\" data-end=\"1625\">L\u00e9glises Ma\u00e7onnerie<\/strong> dans le but de r\u00e9pondre aux demandes des utilisateurs.<br data-start=\"1680\" data-end=\"1683\" \/>Conform\u00e9ment au <strong data-start=\"1699\" data-end=\"1757\">R\u00e8glement G\u00e9n\u00e9ral sur la Protection des Donn\u00e9es (RGPD)<\/strong>, vous disposez d\u2019un droit d\u2019acc\u00e8s, de rectification, de suppression et d\u2019opposition concernant vos donn\u00e9es personnelles.<\/p><p data-start=\"1882\" data-end=\"1955\">Pour exercer ce droit, contactez :\u00a0<strong data-start=\"1922\" data-end=\"1955\"><a class=\"decorated-link cursor-pointer\" rel=\"noopener\" data-start=\"1924\" data-end=\"1953\">leglises.maconnerie@gmail.com<\/a><\/strong><\/p>\t\t\t\t\t\t\t\t<\/div>\n\t\t\t\t<div class=\"elementor-element elementor-element-52b6621 elementor-widget elementor-widget-heading\" data-id=\"52b6621\" data-element_type=\"widget\" data-widget_type=\"heading.default\">\n\t\t\t\t\t<h4 class=\"elementor-heading-title elementor-size-default\">5. Responsabilit\u00e9<\/h4>\t\t\t\t<\/div>\n\t\t\t\t<div class=\"elementor-element elementor-element-1e6f7d8 elementor-widget elementor-widget-text-editor\" data-id=\"1e6f7d8\" data-element_type=\"widget\" data-widget_type=\"text-editor.default\">\n\t\t\t\t\t\t\t\t\t<p><strong data-start=\"1989\" data-end=\"2012\">L\u00e9glises Ma\u00e7onnerie<\/strong> s\u2019efforce de fournir sur son site des informations exactes et \u00e0 jour. Cependant, des erreurs ou omissions peuvent survenir. L\u2019entreprise ne saurait \u00eatre tenue responsable de l\u2019utilisation ou de l\u2019interpr\u00e9tation de ces informations.<br data-start=\"2244\" data-end=\"2247\" \/>Des liens externes peuvent \u00eatre propos\u00e9s \u2014 <strong data-start=\"2290\" data-end=\"2313\">L\u00e9glises Ma\u00e7onnerie<\/strong> n\u2019exerce aucun contr\u00f4le sur le contenu des sites tiers et d\u00e9cline toute responsabilit\u00e9 \u00e0 cet \u00e9gard.<\/p>\t\t\t\t\t\t\t\t<\/div>\n\t\t\t\t<div class=\"elementor-element elementor-element-116f24e elementor-widget elementor-widget-heading\" data-id=\"116f24e\" data-element_type=\"widget\" data-widget_type=\"heading.default\">\n\t\t\t\t\t<h4 class=\"elementor-heading-title elementor-size-default\">6. Cookies<\/h4>\t\t\t\t<\/div>\n\t\t\t\t<div class=\"elementor-element elementor-element-f8ee2b7 elementor-widget elementor-widget-text-editor\" data-id=\"f8ee2b7\" data-element_type=\"widget\" data-widget_type=\"text-editor.default\">\n\t\t\t\t\t\t\t\t\t<p>Le site <strong data-start=\"2448\" data-end=\"2473\">leglisesmaconnerie.fr<\/strong> peut utiliser des cookies pour am\u00e9liorer l\u2019exp\u00e9rience utilisateur et \u00e9tablir des statistiques de fr\u00e9quentation.<br data-start=\"2585\" data-end=\"2588\" \/>Vous pouvez refuser leur enregistrement en configurant votre navigateur.<\/p>\t\t\t\t\t\t\t\t<\/div>\n\t\t\t\t<div class=\"elementor-element elementor-element-56c88ad elementor-widget elementor-widget-heading\" data-id=\"56c88ad\" data-element_type=\"widget\" data-widget_type=\"heading.default\">\n\t\t\t\t\t<h4 class=\"elementor-heading-title elementor-size-default\">7. Droit applicable<\/h4>\t\t\t\t<\/div>\n\t\t\t\t<div class=\"elementor-element elementor-element-3212bb4 elementor-widget elementor-widget-text-editor\" data-id=\"3212bb4\" data-element_type=\"widget\" data-widget_type=\"text-editor.default\">\n\t\t\t\t\t\t\t\t\t<p data-start=\"2696\" data-end=\"2866\">Les pr\u00e9sentes mentions l\u00e9gales sont soumises au <strong data-start=\"2744\" data-end=\"2762\">droit fran\u00e7ais<\/strong>.<br data-start=\"2763\" data-end=\"2766\" \/>En cas de litige, et \u00e0 d\u00e9faut de r\u00e9solution amiable, les tribunaux fran\u00e7ais seront seuls comp\u00e9tents.<\/p>\t\t\t\t\t\t\t\t<\/div>\n\t\t\t\t\t<\/div>\n\t\t\t\t<\/div>\n\t\t\t\t<\/div>\n\t\t","protected":false},"excerpt":{"rendered":"<p>Mentions l\u00e9gales 1. Informations g\u00e9n\u00e9rales Nom de l\u2019entreprise : L\u00e9glises Ma\u00e7onnerieForme juridique : SARL (Soci\u00e9t\u00e9 \u00e0 Responsabilit\u00e9 Limit\u00e9e)Adresse du si\u00e8ge social : 502 Route de la Fortune, 33190 Hure, FranceT\u00e9l\u00e9phone : 06 80 04 14 28Adresse e-mail : leglises.maconnerie@gmail.comDirecteurs de la publication : Jean-Luc L\u00e9glise et Pierre L\u00e9gliseNum\u00e9ro SIRET : 492 669 171 00018Num\u00e9ro de [&hellip;]<\/p>\n","protected":false},"author":1,"featured_media":0,"parent":0,"menu_order":0,"comment_status":"closed","ping_status":"closed","template":"","meta":{"footnotes":""},"class_list":["post-309","page","type-page","status-publish","hentry"],"yoast_head":"<!-- This site is optimized with the Yoast SEO plugin v26.2 - https:\/\/yoast.com\/wordpress\/plugins\/seo\/ -->\n<title>Mentions l\u00e9gales - L\u00e9glises Ma\u00e7onnerie<\/title>\n<meta name=\"robots\" content=\"index, follow, max-snippet:-1, max-image-preview:large, max-video-preview:-1\" \/>\n<link rel=\"canonical\" href=\"https:\/\/leglisesmaconnerie.fr\/index.php\/mentions-legales\/\" \/>\n<meta property=\"og:locale\" content=\"fr_FR\" \/>\n<meta property=\"og:type\" content=\"article\" \/>\n<meta property=\"og:title\" content=\"Mentions l\u00e9gales - L\u00e9glises Ma\u00e7onnerie\" \/>\n<meta property=\"og:description\" content=\"Mentions l\u00e9gales 1. Informations g\u00e9n\u00e9rales Nom de l\u2019entreprise : L\u00e9glises Ma\u00e7onnerieForme juridique : SARL (Soci\u00e9t\u00e9 \u00e0 Responsabilit\u00e9 Limit\u00e9e)Adresse du si\u00e8ge social : 502 Route de la Fortune, 33190 Hure, FranceT\u00e9l\u00e9phone : 06 80 04 14 28Adresse e-mail : leglises.maconnerie@gmail.comDirecteurs de la publication : Jean-Luc L\u00e9glise et Pierre L\u00e9gliseNum\u00e9ro SIRET : 492 669 171 00018Num\u00e9ro de [&hellip;]\" \/>\n<meta property=\"og:url\" content=\"https:\/\/leglisesmaconnerie.fr\/index.php\/mentions-legales\/\" \/>\n<meta property=\"og:site_name\" content=\"L\u00e9glises Ma\u00e7onnerie\" \/>\n<meta property=\"article:modified_time\" content=\"2025-11-28T13:39:06+00:00\" \/>\n<meta name=\"twitter:card\" content=\"summary_large_image\" \/>\n<meta name=\"twitter:label1\" content=\"Dur\u00e9e de lecture estim\u00e9e\" \/>\n\t<meta name=\"twitter:data1\" content=\"2 minutes\" \/>\n<script type=\"application\/ld+json\" class=\"yoast-schema-graph\">{\"@context\":\"https:\/\/schema.org\",\"@graph\":[{\"@type\":\"WebPage\",\"@id\":\"https:\/\/leglisesmaconnerie.fr\/index.php\/mentions-legales\/\",\"url\":\"https:\/\/leglisesmaconnerie.fr\/index.php\/mentions-legales\/\",\"name\":\"Mentions l\u00e9gales - L\u00e9glises Ma\u00e7onnerie\",\"isPartOf\":{\"@id\":\"https:\/\/leglisesmaconnerie.fr\/#website\"},\"datePublished\":\"2025-11-07T09:02:25+00:00\",\"dateModified\":\"2025-11-28T13:39:06+00:00\",\"breadcrumb\":{\"@id\":\"https:\/\/leglisesmaconnerie.fr\/index.php\/mentions-legales\/#breadcrumb\"},\"inLanguage\":\"fr-FR\",\"potentialAction\":[{\"@type\":\"ReadAction\",\"target\":[\"https:\/\/leglisesmaconnerie.fr\/index.php\/mentions-legales\/\"]}]},{\"@type\":\"BreadcrumbList\",\"@id\":\"https:\/\/leglisesmaconnerie.fr\/index.php\/mentions-legales\/#breadcrumb\",\"itemListElement\":[{\"@type\":\"ListItem\",\"position\":1,\"name\":\"Accueil\",\"item\":\"https:\/\/leglisesmaconnerie.fr\/\"},{\"@type\":\"ListItem\",\"position\":2,\"name\":\"Mentions l\u00e9gales\"}]},{\"@type\":\"WebSite\",\"@id\":\"https:\/\/leglisesmaconnerie.fr\/#website\",\"url\":\"https:\/\/leglisesmaconnerie.fr\/\",\"name\":\"L\u00e9glises Ma\u00e7onnerie\",\"description\":\"\",\"publisher\":{\"@id\":\"https:\/\/leglisesmaconnerie.fr\/#organization\"},\"potentialAction\":[{\"@type\":\"SearchAction\",\"target\":{\"@type\":\"EntryPoint\",\"urlTemplate\":\"https:\/\/leglisesmaconnerie.fr\/?s={search_term_string}\"},\"query-input\":{\"@type\":\"PropertyValueSpecification\",\"valueRequired\":true,\"valueName\":\"search_term_string\"}}],\"inLanguage\":\"fr-FR\"},{\"@type\":\"Organization\",\"@id\":\"https:\/\/leglisesmaconnerie.fr\/#organization\",\"name\":\"L\u00e9glises Ma\u00e7onnerie\",\"url\":\"https:\/\/leglisesmaconnerie.fr\/\",\"logo\":{\"@type\":\"ImageObject\",\"inLanguage\":\"fr-FR\",\"@id\":\"https:\/\/leglisesmaconnerie.fr\/#\/schema\/logo\/image\/\",\"url\":\"https:\/\/leglisesmaconnerie.fr\/wp-content\/uploads\/2025\/10\/5.png\",\"contentUrl\":\"https:\/\/leglisesmaconnerie.fr\/wp-content\/uploads\/2025\/10\/5.png\",\"width\":500,\"height\":500,\"caption\":\"L\u00e9glises Ma\u00e7onnerie\"},\"image\":{\"@id\":\"https:\/\/leglisesmaconnerie.fr\/#\/schema\/logo\/image\/\"}}]}<\/script>\n<!-- \/ Yoast SEO plugin. -->","yoast_head_json":{"title":"Mentions l\u00e9gales - L\u00e9glises Ma\u00e7onnerie","robots":{"index":"index","follow":"follow","max-snippet":"max-snippet:-1","max-image-preview":"max-image-preview:large","max-video-preview":"max-video-preview:-1"},"canonical":"https:\/\/leglisesmaconnerie.fr\/index.php\/mentions-legales\/","og_locale":"fr_FR","og_type":"article","og_title":"Mentions l\u00e9gales - L\u00e9glises Ma\u00e7onnerie","og_description":"Mentions l\u00e9gales 1. Informations g\u00e9n\u00e9rales Nom de l\u2019entreprise : L\u00e9glises Ma\u00e7onnerieForme juridique : SARL (Soci\u00e9t\u00e9 \u00e0 Responsabilit\u00e9 Limit\u00e9e)Adresse du si\u00e8ge social : 502 Route de la Fortune, 33190 Hure, FranceT\u00e9l\u00e9phone : 06 80 04 14 28Adresse e-mail : leglises.maconnerie@gmail.comDirecteurs de la publication : Jean-Luc L\u00e9glise et Pierre L\u00e9gliseNum\u00e9ro SIRET : 492 669 171 00018Num\u00e9ro de [&hellip;]","og_url":"https:\/\/leglisesmaconnerie.fr\/index.php\/mentions-legales\/","og_site_name":"L\u00e9glises Ma\u00e7onnerie","article_modified_time":"2025-11-28T13:39:06+00:00","twitter_card":"summary_large_image","twitter_misc":{"Dur\u00e9e de lecture estim\u00e9e":"2 minutes"},"schema":{"@context":"https:\/\/schema.org","@graph":[{"@type":"WebPage","@id":"https:\/\/leglisesmaconnerie.fr\/index.php\/mentions-legales\/","url":"https:\/\/leglisesmaconnerie.fr\/index.php\/mentions-legales\/","name":"Mentions l\u00e9gales - L\u00e9glises Ma\u00e7onnerie","isPartOf":{"@id":"https:\/\/leglisesmaconnerie.fr\/#website"},"datePublished":"2025-11-07T09:02:25+00:00","dateModified":"2025-11-28T13:39:06+00:00","breadcrumb":{"@id":"https:\/\/leglisesmaconnerie.fr\/index.php\/mentions-legales\/#breadcrumb"},"inLanguage":"fr-FR","potentialAction":[{"@type":"ReadAction","target":["https:\/\/leglisesmaconnerie.fr\/index.php\/mentions-legales\/"]}]},{"@type":"BreadcrumbList","@id":"https:\/\/leglisesmaconnerie.fr\/index.php\/mentions-legales\/#breadcrumb","itemListElement":[{"@type":"ListItem","position":1,"name":"Accueil","item":"https:\/\/leglisesmaconnerie.fr\/"},{"@type":"ListItem","position":2,"name":"Mentions l\u00e9gales"}]},{"@type":"WebSite","@id":"https:\/\/leglisesmaconnerie.fr\/#website","url":"https:\/\/leglisesmaconnerie.fr\/","name":"L\u00e9glises Ma\u00e7onnerie","description":"","publisher":{"@id":"https:\/\/leglisesmaconnerie.fr\/#organization"},"potentialAction":[{"@type":"SearchAction","target":{"@type":"EntryPoint","urlTemplate":"https:\/\/leglisesmaconnerie.fr\/?s={search_term_string}"},"query-input":{"@type":"PropertyValueSpecification","valueRequired":true,"valueName":"search_term_string"}}],"inLanguage":"fr-FR"},{"@type":"Organization","@id":"https:\/\/leglisesmaconnerie.fr\/#organization","name":"L\u00e9glises Ma\u00e7onnerie","url":"https:\/\/leglisesmaconnerie.fr\/","logo":{"@type":"ImageObject","inLanguage":"fr-FR","@id":"https:\/\/leglisesmaconnerie.fr\/#\/schema\/logo\/image\/","url":"https:\/\/leglisesmaconnerie.fr\/wp-content\/uploads\/2025\/10\/5.png","contentUrl":"https:\/\/leglisesmaconnerie.fr\/wp-content\/uploads\/2025\/10\/5.png","width":500,"height":500,"caption":"L\u00e9glises Ma\u00e7onnerie"},"image":{"@id":"https:\/\/leglisesmaconnerie.fr\/#\/schema\/logo\/image\/"}}]}},"_links":{"self":[{"href":"https:\/\/leglisesmaconnerie.fr\/index.php\/wp-json\/wp\/v2\/pages\/309","targetHints":{"allow":["GET"]}}],"collection":[{"href":"https:\/\/leglisesmaconnerie.fr\/index.php\/wp-json\/wp\/v2\/pages"}],"about":[{"href":"https:\/\/leglisesmaconnerie.fr\/index.php\/wp-json\/wp\/v2\/types\/page"}],"author":[{"embeddable":true,"href":"https:\/\/leglisesmaconnerie.fr\/index.php\/wp-json\/wp\/v2\/users\/1"}],"replies":[{"embeddable":true,"href":"https:\/\/leglisesmaconnerie.fr\/index.php\/wp-json\/wp\/v2\/comments?post=309"}],"version-history":[{"count":13,"href":"https:\/\/leglisesmaconnerie.fr\/index.php\/wp-json\/wp\/v2\/pages\/309\/revisions"}],"predecessor-version":[{"id":975,"href":"https:\/\/leglisesmaconnerie.fr\/index.php\/wp-json\/wp\/v2\/pages\/309\/revisions\/975"}],"wp:attachment":[{"href":"https:\/\/leglisesmaconnerie.fr\/index.php\/wp-json\/wp\/v2\/media?parent=309"}],"curies":[{"name":"wp","href":"https:\/\/api.w.org\/{rel}","templated":true}]}}